ppose 0 = -x + 1, 3*d = -d - 2*x + 570. What is the remainder when d is divided by 29?
26
Let h(z) = -28*z + 455. What is the remainder when h(13) is divided by 74?
17
Let m(i) = 6*i**2 - 48 - i - 3*i**2 + 44. Calculate the remainder when 97 is divided by m(3).
17
Let d(q) = 4*q - 24. Suppose 28 = 4*f + 4. Let m be d(f). Suppose -5*z + 0*n = -2*n - 169, m = 3*n - 9. What is the remainder when z is divided by 10?
5
Let b(o) = 2*o**2 - 4*o. Let j = 4 + -1. Suppose -2*u = -65 + 21. Calculate the remainder when u is divided by b(j).
4
Let s be (-1)/5 + 10055/25. Let q = s - 587. What is the remainder when (-4)/(-22) - q/11 is divided by 10?
7
Let r(v) = -3*v + 37. Let c be (-3)/((-24)/2)*-4. Let q = c - -5. What is the remainder when r(9) is divided by q?
2
Let m(f) = -f + 57. Calculate the remainder when m(20) is divided by 18.
1
Suppose 3*o + 2*m = 200, 5*m = -74*o + 71*o + 212. Calculate the remainder when 507 is divided by o.
59
Let n(f) = f**2 - 2*f - 2. Suppose -a = -2*a + 5. Calculate the remainder when n(a) is divided by 8.
5
Suppose 3*f - 8*f + 15 = 0. Suppose x + 133 = 2*c, 0*c - 5*c + 335 = -f*x. Calculate the remainder when c is divided by 13.
12
Let m = -589 + 880. What is the remainder when m is divided by 49?
46
Suppose 7*w - 10565 = -499. What is the remainder when w is divided by 20?
18
Let w = 1067 - 1016. What is the remainder when 169 is divided by w?
16
Suppose -14*a = 2*a - 80. Suppose -a*c + 65 = -0*v - 2*v, -2*c + 45 = 3*v. What is the remainder when 209 is divided by c?
14
Let u(d) = -d**3 + 37*d**2 - 290*d + 48. Let y = -25 + 38. Calculate the remainder when y is divided by u(11).
1
Suppose -3*s = -5*s + 18. Suppose -14*r + 18*r = -220. Let g = r + 60. Calculate the remainder when s is divided by g.
4
Let p be -44 + (10/25 - 26/(-10)). Let u = 46 + p. Calculate the remainder when 14 is divided by u.
4
Let y(c) = -5*c**3 - 13*c**2 + c - 3. Calculate the remainder when 68 is divided by y(-3).
8
Suppose -7*p + 9*p + 198 = u, -590 = -3*u + 5*p. Calculate the remainder when 194 is divided by u.
4
Let k(v) = 2*v**2 + 4*v + 2. Let j(x) = -x**2 - 3*x - 3. Let g(n) = 3*j(n) + 2*k(n). What is the remainder when (-1)/(-2*4/464) is divided by g(5)?
13
Let g(x) = -7*x - 2. Let j = 16 + -17. Calculate the remainder when g(-3) is divided by j - (-3 - -1) - -6.
5
Let u(c) = -2*c**2 - 29*c - 76. What is the remainder when 6 is divided by u(-11)?
0
Let j(v) = -14*v + 114. What is the remainder when j(-3) is divided by 16?
12
Let d(p) = p + 46. What is the remainder when 120 is divided by d(-15)?
27
Suppose -2*h - 4*u + 7 = -17, -u = -3*h + 50. Calculate the remainder when 74 is divided by h.
10
Suppose -2*c + 82*c = 880. What is the remainder when 525 is divided by c?
8
Suppose -94 = -57*s + 55*s. Suppose s + 13 = 5*p. What is the remainder when 71 is divided by p?
11
Let s = 973 - 963. Let l(g) = 8*g - 5. Suppose -4 = -r - 0*r. What is the remainder when l(r) is divided by s?
7
Let y(m) = 23*m + 2. Let c be y(2). Suppose -c = -3*w + 39. What is the remainder when w is divided by 11?
7
Suppose -232 = -3*k + 5*v, -23*k - 5*v = -18*k - 400. Calculate the remainder when 147 is divided by k.
68
Suppose 32*b = 36*b - 148. Let k = 5 + 14. Let q = -6 + k. What is the remainder when b is divided by q?
11
Let q = 8 + 1. Suppose 5*p + q = 99. Let l = p - 9. Calculate the remainder when 34 is divided by l.
7
Suppose w + 4*x = 76, -w - 2*w + 2*x = -200. What is the remainder when 218 is divided by w?
14
Let l = 39 + -40. Let k = 33 - l. What is the remainder when 64 is divided by k?
30
Let h = -1544 + 1555. What is the remainder when 97 is divided by h?
9
Suppose v - 5*v - 12 = 0. Let j(o) = 2*o**2 + 2*o + 1. Let p(x) = x**2 - 8*x + 20. Calculate the remainder when j(v) is divided by p(3).
3
Let a(o) = o**3 + 2*o**2 - 6*o + 182. What is the remainder when a(0) is divided by 47?
41
Let r(p) = 10*p**2 + 16*p + 34. What is the remainder when 124 is divided by r(-2)?
40
Let c(j) = 12*j**2 - j. Suppose 0 = -y - 4 + 6. Calculate the remainder when c(y) is divided by 32/(-10)*10/(-5 - -3).
14
Let l = 2 - 1. Let i = l - -3. Let d = 3 + 7. What is the remainder when d is divided by i?
2
Let h = 1366 - 1352. What is the remainder when 65 is divided by h?
9
Suppose 12*b = 6*b + 768. Calculate the remainder when b is divided by 26.
24
Suppose 7*u - 2*u - 90 = 0. Let b = -3776 + 3845. Calculate the remainder when b is divided by u.
15
Calculate the remainder when 267 - (0 - 2 - (-12)/(-12)) is divided by 46.
40
Let j be (-24 - 2)/(18/(-9)). Suppose j*p = -16*p + 1276. Suppose 25 + 35 = 4*t. Calculate the remainder when p is divided by t.
14
Let r(n) = 2*n + 2. Let u be r(-4). Let x(m) = -13*m - 8. What is the remainder when x(u) is divided by (-6)/15 + 644/35?
16
Let w(i) = 2*i**2 - 20*i - 96. What is the remainder when 271 is divided by w(-5)?
1
Suppose -370 = -17*k + 497. What is the remainder when k is divided by 16?
3
Let l = 81 + -82. Calculate the remainder when 126/7*34*l/(-6) is divided by 15.
12
Let w(l) be the third derivative of -55*l**4/24 - 7*l**3/2 + 18*l**2. Calculate the remainder when w(-4) is divided by 40.
39
Let n = -54 + 52. Let o(d) = -6*d**3 - 2*d**2 - 4. Calculate the remainder when o(n) is divided by 22.
14
What is the remainder when (112/98)/((-10)/(-1505)) is divided by 65?
42
Let q(a) = -a**2 - a + 35. Let n(v) be the first derivative of 5*v**2/2 + 2*v - 6. Calculate the remainder when q(0) is divided by n(2).
11
Suppose 0 = 2*b + 6 + 2, 4*b = -c - 14. Suppose 0*s + 36 = c*s. Suppose -11*t - 65 = -24*t. What is the remainder when s is divided by t?
3
Let c(s) = s**3 + 14*s**2 - 4*s. Calculate the remainder when 68 is divided by c(-14).
12
Suppose u = -4, -88 = -5*f - 6*u + 3*u. What is the remainder when (-2)/((f/(-445))/2) is divided by 23?
20
Suppose -5*t + 668 = -3*u, -2*t + 12*u + 260 = 9*u. What is the remainder when t is divided by 12?
4
Suppose -6*a = 4*k - 3*a + 95, 3*k = -4*a - 66. Calculate the remainder when (1 + (-5)/2)*k is divided by 8.
7
Let t(d) = -3*d**3 - 76*d**2 - 25*d + 43. Calculate the remainder when 201 is divided by t(-25).
29
Let c(l) = 23*l**3 + l. Let a(s) = -s**2 + 6*s + 8. Let v be a(7). Suppose -5*h = -q - 4*q, -5*q + v = -4*h. What is the remainder when 45 is divided by c(h)?
21
Calculate the remainder when 2 is divided by -1*(-17)/7 - (-75)/(-175).
0
Suppose -370*h + 335*h + 3045 = 0. Calculate the remainder when 127 is divided by h.
40
Calculate the remainder when 105 is divided by 23 - -4*5/(-10)*-2.
24
Suppose -5*a - 7*x = -54, -4*a = -4*x + 6 - 30. Calculate the remainder when a is divided by 4.
0
Suppose 39*m - 10*m - 406 = 0. Calculate the remainder when 110 is divided by m.
12
Suppose 2*z - 272 + 27 = u, 3 = u. What is the remainder when z is divided by 18?
16
Calculate the remainder when -12*(3 - (-344)/(-32)) is divided by 5.
3
What is the remainder when (-1089)/12*104/(-78) is divided by 11?
0
Let q(a) be the second derivative of -a**5/20 - 5*a**4/4 + 5*a**3/2 - 7*a**2/2 - 2*a. Calculate the remainder when 16 is divided by q(-16).
7
Let t(p) = -p**3 + 24*p**2 - 22*p - 29. Let y be t(23). Let l(s) = -2*s**2 - 17*s + 1. What is the remainder when l(y) is divided by 11?
9
Let n = -1411 + 2422. What is the remainder when n is divided by 46?
45
Suppose 4*o + 6 = 4*p - 6, 4*o + p + 22 = 0. Let s be (-19)/(-5) + (-1)/o. Calculate the remainder when 34 is divided by 6/(-12) + 50/s.
10
Suppose -606*q + 3492 = -597*q. What is the remainder when q is divided by 97?
0
Let r(x) = -32*x + 296. Calculate the remainder when r(9) is divided by 5.
3
Suppose 38 + 4 = -3*t. Let v(g) = -4*g - 123. Let y be v(-26). Let q = t - y. Calculate the remainder when q is divided by 4.
1
Let z be (-3 - 4)*564/(-14). Let g be 6/(-21) - z/(-7). Suppose -5*a = -a - g. What is the remainder when 38 is divided by a?
8
Let t = -41 + 52. Calculate the remainder when 31 is divided by t.
9
Let g be (10 + -1)*(0 - -1). Let z(p) be the first derivative of p**4/4 - 8*p**3/3 - 3*p**2 - 18*p - 43. Calculate the remainder when 24 is divided by z(g).
6
Let s(u) = -u + 2. Suppose -5*d + 112 = 2. Calculate the remainder when d is divided by s(-4).
4
Let o be (12/(-9))/(2/(-18)). Let i be 20 + 0*3/o. Suppose -5*p - i = 0, -r + 0*p = -5*p -